*z**2 + 19*z + 153. Is p(-6) composite?
True
Let x = 226 + -231. Let t(b) = 82*b**2 + 11*b - 10. Is t(x) a composite number?
True
Suppose -64*o + 49534134 = -38*o + 52*o. Is o a composite number?
True
Suppose -2494 - 2296 = -2*c. Suppose 85*z - 90*z + c = 0. Is z prime?
True
Suppose -5*y - 11*f + 15*f + 321985 = 0, -5*y = -2*f - 321975. Is y a composite number?
True
Suppose 88 = -3*z + g + 13, -3*z - 2*g = 66. Let i be (z/(-28))/(1/7). Suppose i*w - 20881 = -4783. Is w a composite number?
False
Let p(k) = 3*k**2 - 5*k + 5. Let l be p(2). Let v(x) = x**2 - 4*x - 13. Let m be v(l). Suppose -4*a = 0, -3*c + 2*a - 3585 = -m*c. Is c a prime number?
False
Suppose 4*f + 0 = 5*t - 17, -12 = -2*t - f. Is (41589/15)/(t*5/125) composite?
True
Suppose 14*w = 501293 + 17944 + 103525. Is w a composite number?
False
Let g = -65 + 100. Let k be 1530/221 - (-5)/65. Suppose -k*w + 6*w = -g. Is w prime?
False
Is 4 + 8/(72/(-81)) + 1122 composite?
False
Let o(f) = -10*f + 1004*f**2 + 5 - 20*f - 818*f**2. Is o(-6) prime?
False
Let t = 68526 + -12653. Is t prime?
False
Suppose 4*m + 2515800 = 4*y, -5*m - 1257895 = -2*y - 8*m. Is y composite?
True
Suppose 32*q - 37*q - p + 339550 = 0, 0 = -4*q + 5*p + 271669. Is q a prime number?
False
Suppose -5*p + 4 = -4*d, -3*d = -11 - 1. Suppose -4*n + 3616 = p*w, 3*w + 4*n = -0*w + 2710. Let t = 2377 - w. Is t composite?
False
Suppose -h + 3 = -0. Suppose -2*i + 7*i - 2*l = 7777, 3*l + h = 0. Suppose i = 3*t - 4*s, 0 = 2*t + 3*t + 2*s - 2609. Is t a composite number?
False
Is ((-3860744)/(-28))/((-28)/(-98)) prime?
True
Let z = 8 + -8. Suppose -d - d + 3*g - 79 = z, 149 = -4*d - 3*g. Let j = 71 + d. Is j prime?
False
Suppose -51 = 9*l - 195. Suppose 0 = 9*n - n + l. Is n/3*-6 + 1653 composite?
False
Let a = 4454 + 7292. Suppose 4*i - 15623 = -q, -5*q + 10*q + a = 3*i. Is i prime?
True
Suppose -14*k = -13*k + 5*a - 57402, -2*k - 2*a = -114844. Is k prime?
True
Let v be ((-6)/12)/((-3)/(-738)). Let y = 126 + v. Is y*1293/9 + 0 a prime number?
True
Let p = 11102 + -7349. Suppose 0 = -10*c - p + 89863. Is c a prime number?
False
Let k = -258 + 263. Suppose -k = c, 0 = 3*z - z + c - 4201. Is z a composite number?
True
Let q be 7/(-3)*(-6)/2. Let t(u) = 95*u**2 + 4*u + 38. Is t(q) a prime number?
True
Let v be (-2*18)/((-9)/84). Let k = v - 199. Let p = 156 + k. Is p a prime number?
True
Let f be -2 + (-8)/(-8) + 146569. Is f/36 - 10/(-6) composite?
False
Let s = 50 - 44. Let v(o) = 12*o**2 + 8*o - 6. Let u be v(s). Suppose -3*b + 2*m + u = -793, 4*b + 4*m - 1656 = 0. Is b a composite number?
False
Suppose -5*y + 2328505 = 3*a, 1862804 = -76*y + 80*y - 4*a. Is y a prime number?
True
Is ((-2)/(-4))/(-39 + (-1934652375)/(-49606470)) a prime number?
False
Suppose 0 = 4*q + 4*n - 188, -5*n = -7*q + 3*q + 179. Let i = 1034 + 5210. Is i/9 - q/(-207) prime?
False
Let z(s) = -56*s**3 - 23*s**2 - 62*s - 208. Is z(-21) prime?
False
Let h = 44 - 41. Let u(i) = -28*i - 9. Let g(f) = -28*f - 8. Let x(d) = h*u(d) - 2*g(d). Is x(-16) composite?
True
Suppose -5*u = -5*c, -4*u - 12*c + 28 = -9*c. Suppose 0 = -u*q - 2*p + 15570 - 388, q - 4*p = 3773. Is q composite?
False
Let f(d) = 2*d**3 + 76*d - d**3 + 4*d**2 - 2 - 74*d. Let q be f(-2). Suppose -o - 2*o + 1326 = 5*j, 0 = 3*j + q*o - 795. Is j prime?
False
Let c = 148 + -146. Suppose -s = -4*t - 573, -s + c*t + 406 = -159. Is s a prime number?
True
Is (-1)/((-14)/22966) + (0 - (-44)/77) composite?
True
Let p = 19878 + -13209. Let h = 4922 + p. Is h a composite number?
True
Suppose -5*h + 150 = 5*m, -3*h + 0*m + 90 = 2*m. Let b(n) = -n**3 + 34*n**2 - 78*n + 59. Is b(h) a composite number?
False
Suppose 36255 = h - 11*p + 7*p, 0 = -5*h + 4*p + 181227. Suppose -i + 6*i - 2*r - h = 0, 4*i + 5*r - 29001 = 0. Is i composite?
True
Let u(v) = -273*v - 7. Let j(h) = -274*h - 7. Let g(c) = 7*j(c) - 6*u(c). Suppose -4*m + 2*p - 18 = 0, -2*m = -3*m + 5*p - 27. Is g(m) a composite number?
True
Let l(d) = -d**2 - 7*d - 1. Let x be l(-4). Let u(a) = 9 + 32*a**2 + 37*a**2 - 10*a - 62*a**2. Is u(x) a prime number?
False
Suppose -6*t - 4*u - 379 = -7*t, 0 = -3*t - 2*u + 1109. Suppose 377*d - t*d = 17754. Is d prime?
False
Suppose -73 = -18*t + 53. Suppose t*w - 14*w = -133. Is w prime?
True
Let p be 5 + -1 + (-1392)/24. Let j be (-5)/((-75)/p) - (-18)/(-45). Is (-5 + 259 + 0)*(-2)/j a composite number?
False
Suppose 2*b + 92 - 96 = 0. Suppose 5*d + 67005 = 5*y, b*y - 5*d + 26774 = 4*y. Is y a prime number?
True
Is ((-14693)/3 - 2)*(82 - 85) a composite number?
False
Let j(y) = -664*y - 1605. Is j(-16) a prime number?
False
Let w(m) = m**3 + m**2 - m + 2. Suppose -z - 1 = -4*t - 15, 0 = 4*z - t + 4. Let k be w(z). Suppose k = 5*x - q - 1115 - 3417, 0 = 3*x + 3*q - 2730. Is x prime?
True
Suppose -2*l + 16 = 8. Suppose -4*h + h - 5*z + 379 = 0, 2*h - l*z = 282. Let x = h + -66. Is x a composite number?
False
Let w be 27*(0 - (25/15)/(-5)). Is (1084 - 0) + 45/w + -2 a composite number?
False
Let r be (-7 - -6)/((-1068)/(-1069) - 1). Suppose -785 = -2*m - l, -3*m - 3*l + 116 = -r. Suppose 81 + 161 = 2*x - 4*b, 3*x - m = -3*b. Is x a composite number?
False
Let a(o) = -2*o**2 + 18*o - 12. Suppose -5*s + 37 = -3*v, -s + 5*s - v = 31. Let p be a(s). Suppose 869 = 7*j + p*j. Is j composite?
False
Let u(b) = -6305*b + 24. Let h be u(9). Let v = 80163 + h. Suppose 1872 = -6*z + v. Is z a prime number?
False
Let u be -1 + (-4 - (-6741)/7). Suppose 4*a - 2*l = 3942, -a - 4*l = l - u. Is a a prime number?
True
Let r(a) = -23 + 3*a**2 + 22 + a**3 + a**2 + 2*a + 0*a**3. Let h be r(-3). Suppose -3844 = -4*u + h*f, -947 = 8*u - 9*u - 3*f. Is u composite?
True
Suppose -705049 - 1263800 = -9*i. Is i a composite number?
False
Let d(f) = -26*f + 245*f**3 + 4*f**2 + 2 + 2 + 27*f**3 + 67*f**3. Is d(3) a composite number?
True
Is 6/(-4) - (45/8)/((-30)/1306840) composite?
True
Suppose 12*i - 14*i + 3*j = -1645496, j = -2*i + 1645472. Is i composite?
False
Is 70/98 + -1 + 533241/7 a prime number?
False
Let a(m) = 94*m - 589. Is a(41) a prime number?
False
Let k(d) = 17*d - 131. Let u be k(8). Suppose -5*l - 2114 = -y - 8903, -2*l + u*y + 2734 = 0. Is l composite?
True
Let t be 2/1 - -3*(2 + 111). Let l = t - -874. Suppose -4*v - l + 3367 = 0. Is v prime?
False
Let t = -20 - -15. Let y be 1 + 4 + t - -1414. Suppose -b + y = -417. Is b a prime number?
True
Suppose -239 + 437 = 6*o. Let i(m) = 5*m**2 - 112*m + 4. Is i(o) a prime number?
True
Suppose 1012047 = 16*p - 540641. Is p composite?
True
Suppose -4*p + 2777664 = -4*r, -7*p + 5521207 = -5*r + 660309. Is p prime?
True
Let m = 2979 - 1952. Suppose -y = 3*u - 20147 - m, 4*y - 14126 = -2*u. Is u composite?
False
Let d = 337279 - 186558. Is d a prime number?
True
Let f be (-12)/(-2) - (9 + 282). Let t be ((-47)/(-4))/(8/64). Let z = t - f. Is z composite?
False
Suppose 2*i - 4*c = c + 41, 3*i - 2*c = 34. Suppose 6*k + i = -4. Is (k/(-2))/(2/3946) a composite number?
False
Let r be ((-4)/(-6))/(4*(-5)/(-60)). Suppose -3*b - b = 2*k - 33362, r*k = -3*b + 25020. Suppose b = 11*q - 293. Is q a prime number?
False
Let t(x) = 521*x - 100. Let g be t(9). Let o = 516 + g. Is o prime?
False
Let b be (-2)/(-11) - (-6)/132*62. Suppose 0 = 3*g + b - 21. Suppose -849 = -9*u + g. Is u a composite number?
True
Let u(q) = -11*q**3 - 3*q + 3. Let v be u(1). Let n be (1*-270 + -1)/(v/(-33)). Is (1 - n/15) + 3/(-15) a composite number?
True
Suppose 42*o - 4*x = 47*o - 2457573, -5*o = -4*x - 2457517. Is o composite?
True
Let h(q) = 2*q**2 - 6*q - 21. Suppose j - 5 = -3*s - 4*j, 2*s - 3*j = -3. Suppose 4*x - 7*x - 33 = s. Is h(x) composite?
True
Is (0 - 5/(20/(-384396))) + 8 prime?
False
Let i(v) = -3296*v - 40. Let r be i(-8). Suppose 3*w + 3*w = r. Suppose -8050 - w = -6*y. Is y composite?
True
Let b(i) = -972*i + 11. Let w(a) = a**3 + a**2 - 8*a + 12. Let o be w(-4). Is b(o) a prime number?
False
Suppose 1582631 + 1214456 = 107*m. Is m a composite number?
False
Suppose 88*q = 77*q - 251130. Let b = q - -60548. Is b a prime number?
False
Suppose 0*c + 672681 = 3*x + 4*c, -448454 = -2*x + 4*c. Is x a prime number?
False
Suppose 42*j - 19800 = 47*j. Let w be -2 - (5 + j + -1 + -3). Let o = w - 1236. Is o a prime number?
False
Suppose w + 179 = 7577. Suppose 7*o = g + 2*o - 7406, -3*o = g - w. Is g a prime num